j - 210 - r = 0. What are the prime factors of j?
2, 29
List the prime factors of 3 + -5 + 464 + 4 + 1.
467
List the prime factors of 2127/9 + 2/(-6).
2, 59
Suppose -5*t + 3*z + 49 = 0, -z = -3*z + 4. Suppose -8*x + t*x = 240. List the prime factors of x.
2, 5
Suppose -2*a - f = -22, -4*a = -2*a - 2*f - 16. Suppose a*l - 342 = 128. List the prime factors of l.
47
Suppose a + 3*c = c + 713, a - 3*c = 703. What are the prime factors of a?
709
Suppose -2*d - d = 6, 2*q = 3*d + 58. Suppose 82 - q = 2*u. List the prime factors of u.
2, 7
Suppose -2*g + 5*i + 4557 = -3667, 2*g - 8232 = i. List the prime factors of g.
23, 179
List the prime factors of 2 + 641 + (-4)/3*-3.
647
Let c = 3 - 1. Let v(a) = 1 - c - 2*a**2 + 8*a**3 - 7*a**3 - 4*a. What are the prime factors of v(4)?
3, 5
Suppose -4*k + 5*b = 2, 7 = -5*k + 4*b + 9. List the prime factors of 3/k*(266/3)/1.
7, 19
Let o = 4 - -464. What are the prime factors of o?
2, 3, 13
Suppose 0 = o + 2*o + 4*k - 1206, 0 = -3*o - k + 1215. Let y = 604 - o. What are the prime factors of y?
2, 3, 11
Suppose 16*n - 16992 = -2*n. What are the prime factors of n?
2, 59
Let r(u) = -4*u - 7. Let f be r(-3). Suppose -5*d + 285 = 5*j, -f*j + d - 4*d = -291. List the prime factors of j.
2, 3, 5
Let x(q) = 7*q**2 + 25*q - 9. Let v be x(6). List the prime factors of ((-2)/8 - 0) + v/4.
2, 7
Let t be 1*12/4 - 14. Let k(x) = -x**2 - 13*x - 6. Let q be k(t). Suppose -3*s = -2*s - q. List the prime factors of s.
2
Let j(o) = -2*o**2 - 6*o + 13. Let m be j(7). Let h = -41 - m. List the prime factors of h.
2, 43
Let z(x) = x - x + 10 + 0*x - 2*x. Let d be z(5). Suppose q = -3*q - 2*c + 118, d = -3*q + 3*c + 111. List the prime factors of q.
2
Let z(w) = -w**3 - w**2 + w + 10. Let m be z(0). Suppose i = -4*i + m. Let v(h) = 3*h**2 + 3*h - 4. What are the prime factors of v(i)?
2, 7
Let x(v) = v**3 - 60*v**2 - 6*v - 503. What are the prime factors of x(61)?
2, 23, 31
Suppose -h = -1, -2*h - 42 - 51 = 5*d. Let i = d - -21. List the prime factors of i.
2
Let a(h) = -h**3 + 12*h**2 - 9*h - 6. Suppose -4*j - 72 = 4*o, -o - j - 26 = 2*j. Let g = o + 25. What are the prime factors of a(g)?
2
Let s = 34 + 36. Suppose -4*k + 4*c = -126 - s, -229 = -5*k - 3*c. Let o = k - 27. List the prime factors of o.
2, 5
Suppose 4*o - 4 = -4*p - 0, 40 = -5*o + 4*p. What are the prime factors of (o/6)/(4/(-144))?
2, 3
Let b = -36 + 11. Let c = 30 + b. Suppose q - 2 = 2*o - 0, 0 = -c*q + 5*o + 15. What are the prime factors of q?
2
Suppose -2*j = -14 + 6. Let k = 221 - 113. Suppose 0 = -4*m, -j*f = -m - 3*m - k. List the prime factors of f.
3
Let x(s) = 3*s - 61. Let d be x(21). Let w(z) = 5*z**2. Let u be w(1). Suppose d*i = -u*p, -4*i + 0*p + p + 22 = 0. What are the prime factors of i?
5
Suppose 34 = -4*i - 2. Let z = -9 - i. Suppose z*o + 123 = 3*o. What are the prime factors of o?
41
Let x = 47 - 37. Suppose 4*a - 11*m + x*m = 746, -4*a - 4*m + 756 = 0. What are the prime factors of a?
11, 17
Let a(z) = z - 1. Suppose -3*x + 15 + 0 = 0. Let y be a(x). Let q = y + 3. List the prime factors of q.
7
Suppose 3*r - 2*p = -29 - 5, 4*p = -2*r + 4. Let u be (3 - 11)*42/r. Suppose -4*w + 86 = 2*a, 2*a - 3*a - w = -u. List the prime factors of a.
41
Suppose 5*y - 664 = 3*y + 2*n, 5*y - 1656 = 4*n. List the prime factors of y.
2, 41
Let g(j) be the third derivative of j**4/24 + 13*j**3/6 + 48*j**2. Let m = 2 - 9. List the prime factors of g(m).
2, 3
Let r(f) = -4*f - 32. Let q(b) = 5*b + 33. Let x(s) = -5*q(s) - 6*r(s). What are the prime factors of x(0)?
3
Let k = -11 + 33. Suppose 2*n - 2*g - k = 0, -2*n + n + 3*g + 7 = 0. What are the prime factors of n?
13
Let g(s) = -10*s + 3*s - 3*s - 8. Suppose 0 = 7*r - 6*r + 5. What are the prime factors of g(r)?
2, 3, 7
Let g(r) be the first derivative of r**3/3 + 5*r**2 + 4*r - 3. Let x be g(-9). Let v = x - -50. What are the prime factors of v?
3, 5
Let s(g) = g**3 + g**2 + 2. Let i be s(2). Let n = 18 - i. Suppose 56 + 96 = n*b. What are the prime factors of b?
2, 19
Suppose z + 1 = i, 2*i + 3*i - 4*z = 7. Suppose -a - i = -9. List the prime factors of a.
2, 3
Let c = 11 - 6. Let w be (-1 - c)*7/(-21). What are the prime factors of w - (-1 - 61) - 4?
2, 3, 5
Let n(f) = -3*f - 4*f - 13 - 5. Let b be n(-12). Suppose 3*t + 15 = b. List the prime factors of t.
17
Suppose f - 2*q = -162, -7*q = -2*q. Let l = -75 - f. List the prime factors of l.
3, 29
Let b be 1714/14 + 32/56. Let y = b - 111. What are the prime factors of y?
2, 3
Let g be 21/35 - (-34)/10. Suppose g*w - 7 = 33. What are the prime factors of w?
2, 5
Let s(v) = 2*v**2 + 11*v - 16. List the prime factors of s(-44).
2, 3, 281
Suppose 11*u - 6*u + 75 = 0. Let y(c) = c**2 - c + 7. Let q be y(4). Let t = u + q. List the prime factors of t.
2
Let k = 31 - 21. List the prime factors of 395/k - (-4)/8.
2, 5
Suppose 0 = -h - 4*h + 175. Suppose -69*o + 72*o = 201. Let y = o - h. List the prime factors of y.
2
Let k(l) = 84*l + 1. Let v be k(1). Suppose 13 = -4*a + v. What are the prime factors of (a/12)/((-2)/(-24))?
2, 3
Let r = -38 - -13. Let l = 53 - r. Suppose 6*t - 3*t = l. What are the prime factors of t?
2, 13
Suppose w + 3 = 0, 0*k + 5*k - 4*w - 92 = 0. Let j = k + -14. Let z = 10 - j. What are the prime factors of z?
2
Suppose -4*x = -0*x - 28. Let l(w) be the first derivative of w**2/2 + 7*w - 63. List the prime factors of l(x).
2, 7
Let c = 1745 + 2430. What are the prime factors of c?
5, 167
Let k(b) = b**3 - 7*b**2 + 8. Let n be k(7). Suppose n = 3*p - 16. Suppose -p - 14 = -h. List the prime factors of h.
2, 11
Suppose 0 = -81*z + 69*z + 22560. List the prime factors of z.
2, 5, 47
Let p(v) = 11*v**2 - 17*v + 104. What are the prime factors of p(-17)?
2, 19, 47
Let p(c) = 89*c**3 - c**2 - 2*c - 2. Let m be p(-1). List the prime factors of m/(-21)*(11 - (-2 - -6)).
2, 3, 5
Let u be (-14)/28 + (-1190)/(-4). Let r = -202 + u. Let a = -68 + r. List the prime factors of a.
3
Let u = 2745 + 875. What are the prime factors of u?
2, 5, 181
Let r(o) = o + 3. Let g be (-10)/15 - 2/(-3). Let b be r(g). Suppose -b = 2*y - 7. List the prime factors of y.
2
Let a = 0 + 4. Suppose a*x + 4*p = 2*p + 98, 4*x - 2*p - 86 = 0. Suppose -x = 5*t - 73. What are the prime factors of t?
2, 5
Let p = -23 - -66. Let i = p + -5. List the prime factors of i.
2, 19
Suppose 76 = n - 2*t, 0 = -3*n - 3*t - 97 + 289. Suppose -4*v + 132 = -n. Suppose p + u = -0*u + 59, -v = -p - 4*u. List the prime factors of p.
2, 31
Suppose 0 = -3*y - 2*h + 126, -5*h + 8 = 2*y - 65. What are the prime factors of y?
2, 11
Let u(v) = 35*v - 161. List the prime factors of u(12).
7, 37
List the prime factors of 37248/27 - (-24)/54.
2, 3, 5, 23
Let h = -186 - -404. What are the prime factors of h?
2, 109
Let b(h) = -h**3 + 3*h**2 + h. Let a be b(3). Suppose -f + 4*f - 9 = -m, -m + a*f = -3. Let w = m - -7. What are the prime factors of w?
13
Suppose -2*p + 26 = -2*o, 2*p - 8*o + 7*o = 24. What are the prime factors of p?
11
Suppose 0*v - v + 16 = 2*u, 5*v - 5*u = 5. Suppose -337 = -7*t + v. What are the prime factors of t?
7
Suppose 2*u + 166 = -2*a, 0 = -5*a - 3*u - 411 - 14. Let o be 4 - 11 - 0 - 3 - -4. What are the prime factors of a/o*30/20?
2, 11
Let o = -12 + 14. Suppose -1 = 2*t + 1, -5*b = -o*t - 1277. What are the prime factors of b?
3, 5, 17
Suppose 5*j - 3*v = 8053, -11*v + 13*v - 3218 = -2*j. List the prime factors of j.
2, 5, 7, 23
Suppose -4*b + 7*b = -90. Suppose -14*h - 170 = 54. Let s = h - b. What are the prime factors of s?
2, 7
Let s = -535 - -1365. What are the prime factors of s?
2, 5, 83
Suppose 2612*z - 4120 = 2604*z. What are the prime factors of z?
5, 103
Let d(x) = -x**2 + 16*x - 7. Let u be 1 + (189/3)/(-3). Let o = 34 + u. What are the prime factors of d(o)?
3, 7
Let l = 4900 - 409. List the prime factors of l.
3, 499
Let p(h) = -4*h + 11. Let l be p(4). What are the prime factors of 71/l*-3 - 100/(-250)?
43
Let o(i) = i**2 + 18*i - 9. Let q be o(-19). Suppose 94 = 4*h + 14. What are the prime factors of 4/h + 168/q?
17
Let v be (-1)/6 + 225/54. Suppose -j + v*j - 4*d - 341 = 0, 123 = j + d. What are the prime factors of j?
7, 17
What are the prime factors of (-3)/9 + 325075/75?
2, 11, 197
Let p be (1 + (0 - -1) - -219) + -1. Suppose 3*o - p = o. List the prime fa